t is u(d)?
3
Suppose -2*m + 7 = 5*l, -8 = -4*l - 2*m - 2. Let k(u) = 8*u**2 + 11*u + 1. Let y(x) = -4*x**2 - 7*x - 1. Let q(c) = 2*k(c) + 3*y(c). Give q(l).
4
Let p(q) = 6*q**2 - q**3 - q**3 - 4*q - 2 - 5*q**2 - 3*q**2 + 6*q**2. Calculate p(2).
-10
Let v(d) = -78*d**2 + 10*d + 42*d**2 + 36*d**3 + 16 + 40*d**2 - 37*d**3. Calculate v(6).
4
Let p(o) = 30 + 4*o + 3*o + 23*o + o**2 - 32*o. Calculate p(0).
30
Let t(x) = -626*x**2 + 4*x - 2. Let j be t(1). Let y = j - -620. Let i(w) = w**2 + 2*w - 3. Determine i(y).
5
Let u(i) be the first derivative of -3*i**4 - i**3 + 9*i**2 - 16*i - 12448. Determine u(1).
-13
Let f be 3/(30/20*(-4)/(-6)). Let m(u) = -9*u + 34. Let z be m(f). Let r(g) = -g**2 + 6*g. What is r(z)?
-7
Let d(r) = -497*r**3 + 26 + 11*r - 26 + 2*r**2 - 6*r + 496*r**3. Let c be -1 + (1 - -13) + 2. Let w = c + -11. Determine d(w).
-12
Let k(n) = -n**3 - 4*n**2 + 5*n - 10. Let l be k(-6). Let q be 12/9*(-72)/l. Let y(o) = o**2 + o - 4. What is y(q)?
2
Let s = -17 + 18. Let z(q) be the first derivative of -13*q**4/24 - 2*q**2 + 14. Let o(a) be the second derivative of z(a). Give o(s).
-13
Let k(t) = t**3 - 13*t - 20*t**2 + 0*t + 9 + 7*t**2 - 27. Suppose -4*g + 12 = 0, -d + 17 = g - 0*g. What is k(d)?
-4
Let w be -14 - (-2 + 16/((-96)/30)) - -3. Let s(k) = k**2 - 1. Let y(l) = -l**3 - 9*l**2 + 6. Let g(z) = -4*s(z) - y(z). Give g(w).
14
Let r(x) = x**2 + 2*x + 1. Let q(u) = 3*u - 4. Let d be q(3). Suppose -d = -4*i + 15. Suppose -5*a - 6*l - 19 = -3*l, a - 13 = i*l. What is r(a)?
1
Let f(p) = -p**3 - 3*p**2 + 2*p + 5. Let o(q) be the first derivative of -15 + 7*q + 1/2*q**2. Let t be o(-11). Calculate f(t).
13
Let y(v) be the first derivative of v**5/20 - v**4/3 + 2*v**3/3 - 3*v**2/2 - 54*v - 132. Let q(t) be the first derivative of y(t). Give q(2).
-3
Let c(p) = -p**3 - p**2 + 11. Let n(z) = -3*z**3 - 15*z**2 - 14*z + 63. Let f(d) = -5*c(d) + n(d). Determine f(6).
-4
Suppose 0 = 149*t - 157*t - 120. Let r(y) = -24*y - 360. Let k be r(t). Let v(s) = s**2 - 45. Give v(k).
-45
Let x(z) be the first derivative of -11*z**2/2 + 259*z - 685. Determine x(24).
-5
Suppose 0 = -5*v - 0 + 5. Suppose 3*t - 64 = -25. Let l(a) = -a**2 + 8*a - 1. Let g(j) = -2*j**2 + 17*j - 2. Let s(r) = t*l(r) - 6*g(r). Determine s(v).
0
Let h(z) be the third derivative of -z**6/120 - z**5/60 + z**4/24 - z**3/2 + 172*z**2 + 1. What is h(0)?
-3
Let q(b) = -5*b + 7. Let t(h) = -9*h + 14. Let v(c) = 13*q(c) - 6*t(c). Let a(x) = -2*x + 1. Let f(y) = 5*a(y) - v(y). What is f(5)?
3
Let c(k) = 17*k**2 - 20*k + 64. Let b(r) = -5*r**2 + 7*r - 19. Let y(i) = -7*b(i) - 2*c(i). Calculate y(3).
-13
Let q(r) = 2*r**3 + 9*r**2 + 9*r + 5. Let i be q(-3). Suppose -40 = -i*z + 5*j, -3*z + 5*j = -7*z - 13. Let o(m) = -3 - 1 + 3*m + 3. What is o(z)?
8
Let l = -10705 + 10705. Let m(k) be the first derivative of l*k**2 - k - 4 + 10/3*k**3. Calculate m(-1).
9
Let l(w) = -23*w**2 - 10*w + 16. Let g(i) = 84*i**2 + 40*i - 63. Let c(s) = 3*g(s) + 11*l(s). Let q be (2/5)/(2/40). Calculate c(q).
3
Let g(u) = -156*u + 780. Let s be g(5). Let r(i) be the second derivative of 5/2*i**2 + 2/3*i**3 + 12*i - 1/12*i**4 + s. What is r(4)?
5
Let t = -16978 + 16973. Let j(b) = 5*b**2 + 31*b + 7. Determine j(t).
-23
Let p = -1100 - -1096. Let j(q) = -8*q - 5. Let c(i) = 7*i + 6. Let x(f) = 5*c(f) + 4*j(f). Determine x(p).
-2
Let a = 309 - 285. Let w be (-30)/24 - 114/a. Let j(c) = c**3 + 5*c**2 - 7*c - 9. What is j(w)?
-3
Let b(a) = 2*a**2 - 5*a + 3. Let k be (8 + -7)/((-1)/(-7)). Suppose k*h - 9 = 10*h. Let y be 2/h*(-18)/4. Calculate b(y).
6
Let o(b) = 2*b. Let j(m) = -3*m - 20. Let z be j(-11). Suppose -8*r - 11 = z. Give o(r).
-6
Let m(k) = 19*k + 45. Suppose -130 + 55 = 25*o. What is m(o)?
-12
Let g = -200 - -203. Let l(r) = 12*r - 5*r + 30*r**2 - g - r**3 - 36*r**2. Give l(-7).
-3
Let m(n) = -n**2 - 8*n + 22. Let i(z) = z**2 + 29*z + 158. Let v be i(-8). Determine m(v).
2
Let s(n) be the third derivative of -n**4/8 - n**3/2 + 2*n**2 - 5*n. Let w(c) = c + 14. Let h be w(-9). Determine s(h).
-18
Let t(o) = o**3 + 18*o**2 + 39*o + 117. Let q be t(-16). Let m(x) = -17*x**2 + 85*x - 4. What is m(q)?
-4
Let w(k) = 10*k**2 + 2*k + 1. Let i = 365 - 364. Suppose 2*t - t + i = 0. What is w(t)?
9
Let t(i) = -i**3 + 6*i**2 + 5*i - 2. Let o(c) = 2*c**3 - 12*c**2 - 9*c + 5. Let x(m) = -3*o(m) - 5*t(m). Suppose -2228*j + 19 + 53 = -2216*j. Calculate x(j).
7
Suppose -3*x - 29 = 4*u, 38*u + 5*x = 39*u - 10. Let l(n) = -1 + 2*n + 8*n + n**2 + 2*n - 13*n. Calculate l(u).
29
Let z(h) = -11*h**3 + 9*h**2 - 6*h + 33. Let c(x) = -20*x**3 + 17*x**2 - 12*x + 65. Let i(k) = 6*c(k) - 11*z(k). What is i(-5)?
7
Let i(m) = -3*m**3 - 1. Let r(x) = -3*x**3 - x**2 - x - 2. Let u be 126/28 + 3 + (-27)/6. Let f(k) = u*i(k) - 2*r(k). Calculate f(-1).
4
Let g(q) be the third derivative of -q**4 + 427*q**3/6 + 259*q**2 - 12*q - 2. What is g(18)?
-5
Let z(j) be the third derivative of 0*j + 0 + 0*j**3 + 18*j**2 + 1/20*j**5 + 7/24*j**4. Let v(y) = 2*y**2 + 4*y. Let l(p) = -7*v(p) + 4*z(p). Determine l(3).
-18
Let m(a) = 8*a - 4. Let r(v) = -3*v + 2. Let g(o) = 5*m(o) + 12*r(o). Give g(4).
20
Let o(y) = -y**3 - 50*y**2 - 505*y - 38. Let i be o(-36). Let a(q) = 50*q - 7. Determine a(i).
-107
Suppose -5*r = -0*r - 5. Let w(t) = 57*t**3 - 2*t**2 + 2*t - 1. What is w(r)?
56
Let c(u) be the third derivative of -u**5/30 - u**4/6 - u**3/3 + 172*u**2. Let h be (-3 - -1 - 2)/2. Give c(h).
-2
Let j(y) = y**3 - 14*y**2 + 13*y + 7. Suppose 24*x + 162 = -30*x. Let m be -4 - (3/(-6))/(x/(-102)). What is j(m)?
7
Suppose 169*g + 87*g - 2304 = 0. Let w(z) = 3*z**2 - 30*z + 16. Calculate w(g).
-11
Let u(l) be the third derivative of -l**5/60 + 17*l**4/24 - 61*l**3/6 + 220*l**2 + 6. What is u(8)?
11
Let f = -34 - -35. Suppose 0 = -5*u, -4*o = -2*o - u. Suppose 5*b + 14 + f = o. Let k(d) = d**2 + 4*d + 4. Give k(b).
1
Let w(t) = 3*t - 3. Let a(r) = -3*r + 2. Let i(k) = 7*a(k) + 6*w(k). Let s be i(-2). Let m(g) = -g + 3 - s - 3. Give m(-8).
6
Let b(g) = 247 + 13*g - 106 + 2*g**2 - 140. Determine b(-6).
-5
Suppose -18*c = -14*c - 8. Suppose 2*z - 7 = 4*w - 3, 0 = -z - 3*w + c. Let r(h) = 3 + 0*h - h**z + 5 - h - 8*h. Give r(-7).
22
Suppose 3*q - 3*g = -15, q - 2 = 3*g - 13. Let d be 11/4 - (-39)/(-52). Let j(s) = 1063 + 1059 - 2124 + d*s**2 - 3*s. Determine j(q).
12
Let z(p) be the third derivative of -7*p**4/24 + 14*p**3 - 6628*p**2. Calculate z(12).
0
Let l(c) = 2*c**2 + 15*c - 6. Let v be 11/55*35 - 13. What is l(v)?
-24
Let m(f) be the second derivative of 11*f**3/3 - 99*f**2 + 861*f + 2. Calculate m(9).
0
Suppose -4 = -2*l - 20. Let q(h) = -169*h**2 - 4. Let g(z) = -296*z**2 - 2*z - 8. Let i(c) = -4*g(c) + 7*q(c). Give i(l).
4
Suppose -2*y = -3*m + 1, 45*y - 15 = -m + 42*y. Let n(i) = 1 - 494*i**3 + 6*i + 5*i**2 + 247*i**3 + 2 - 2 + 246*i**m. What is n(6)?
1
Let m(s) = s**3 + 5*s**2 + s + 7. Let u = 22 + -46. Let c be 18/((4/u - 0)*-3). Let y = -41 + c. Give m(y).
2
Let b(h) = -24*h**2 + 3*h + 1. Suppose 0 = u - 12*v - 1, 11*u - 6*u - 5 = 4*v. Determine b(u).
-20
Let b(z) = -10*z**2 - 16*z - 126. Let y(u) = -u**2 - 2*u + 1. Let h(w) = 2*b(w) - 18*y(w). Let k(c) be the first derivative of h(c). What is k(6)?
-20
Let o(y) be the second derivative of y**4/12 - 7*y**3/6 + 2*y**2 + 530*y. Suppose 0 = 2*b - 2 - 10. Determine o(b).
-2
Let o(l) = -l**3 + 23*l**2 - 88*l - 37. Let d be o(18). Let m(a) = -25*a**2 - a. Calculate m(d).
-24
Suppose -5*u + 3*m = 5, -2 = -u + 3*u - 5*m. Let z be (4 + u + -4)/1. Let b(x) be the third derivative of -3*x**6/40 + x**4/24 - 8*x**2. Give b(z).
8
Let s(g) = -2*g**2 + 2*g + 2. Suppose -6*i = -11*i + 30. Suppose -4*w = 5*b - i, 5*b = w - 4 - 10. Determine s(b).
-10
Let f(k) = -1 - 89670*k**2 - 7 - 4*k + 89671*k**2. What is f(6)?
4
Let t(o) = o**2 + 6*o - 4. Let m(w) = -45*w - 96. Let i be m(19). Let h = i + 946. Calculate t(h).
-9
Let l be (-6)/(-18) - ((-1852)/6 - 1). Let v be ((-496)/l)/(1*(-2)/15). Let n(r) = r - 18. Calculate n(v).
-6
Let u(c) = -c**2 - 5*c. Let q be -3 - (1 - 1/(-1))*-15. Let s = 80 - 49. Let r = q - s. Calculate u(r).
4
Let s be 5/2*(296/(-444))/(10/12). Let n(r) = r + 6. Let d(x) = 6*x**3 + 1. Let b be d(-1). Let a(i) = i + 7. Let j(k) = b*n(k) + 4*a(k). Calculate j(s).
0
Let d(z) = z - 3. Suppose 2*v + 2*n +